actors of -10*(-1)/2 - z?
3
Let f be (-100)/(-24) + 5/(-30). Let j(l) = 2*l**3 - 7*l**2 + 6*l - 2. What are the prime factors of j(f)?
2, 19
Suppose 14*s - 27 = 11*s. Let k be (-18)/s*(-1 + -4). Let v = 24 + k. What are the prime factors of v?
2, 17
Suppose -2*s - 2*s = a - 3, -3*a - 2*s = -9. Suppose -a*h + 5*n = -18, 0 = 2*h + 5*n + 4 - 16. What are the prime factors of (h/(-4))/((-1)/14)?
3, 7
Let v(g) = 4*g**3 + g**2 + 22*g - 51. List the prime factors of v(6).
3, 109
Let x(b) be the first derivative of -b**2/2 - 6*b + 15. What are the prime factors of x(-21)?
3, 5
List the prime factors of 143 - -3*((-10)/15 + 1).
2, 3
Suppose 2*o - 4*a = 785 + 157, o - 492 = -5*a. What are the prime factors of o?
3, 53
Suppose 0*t - 1731 = -3*t. List the prime factors of t.
577
Suppose 0*x - 288 = -2*x. What are the prime factors of x?
2, 3
Suppose -4*k + 1525 = l - 2634, -3*k + 2*l + 3133 = 0. List the prime factors of k.
3, 347
Suppose 2*t - 228 = -t. Suppose -t = 6*z - 7*z. What are the prime factors of z?
2, 19
Let p be ((-2)/4)/((-1)/6). Let v(q) = q**2 - 23*q - 24. Let y be v(28). Suppose -p*a = a - y. List the prime factors of a.
29
What are the prime factors of -3*((-1126)/8 + (-8)/32)?
3, 47
Suppose -5*l + 3*l = 3*x + 14, 4*x - 28 = 4*l. Let i = l + 23. What are the prime factors of i?
2
Suppose -30*y + 35010 = 15*y. List the prime factors of y.
2, 389
List the prime factors of -11 - 3/((-30)/34030).
2, 53
Let u(c) = -2*c - 3. List the prime factors of u(-19).
5, 7
Let p(t) = -225*t - 21. List the prime factors of p(-2).
3, 11, 13
Let j(m) = m**3 + 5*m**2 - 16*m + 4. List the prime factors of j(-7).
2, 3
Suppose -j - 3*j = 48. Let s be 8 + j/4 - 0. Suppose -65 = -5*g - 5*o, 4*o + s + 11 = 0. List the prime factors of g.
17
Suppose 0*c = c + 7. Let i = -3 - c. What are the prime factors of (i/6)/((-2)/(-189))?
3, 7
Let k(n) = -n**3 + 6*n**2 + 6*n + 7. Let b be k(7). Let d be b + 34 - (6 + -4). Let l = d + -13. What are the prime factors of l?
19
Let w(i) be the second derivative of -2*i**3 - 8*i**2 - i. What are the prime factors of w(-9)?
2, 23
Let o(t) be the first derivative of -2 + 1 + 5*t**2 - 3*t + 3 + 3. What are the prime factors of o(5)?
47
Let v be (1 + 2 + -3)/(-2). Suppose -3*d + 4*q + 568 = 0, -d = -v*d + 5*q - 164. Suppose -5*f - d = -9*f. What are the prime factors of f?
2, 23
Suppose -h + 4*m + 736 = 0, -29*m = -5*h - 28*m + 3699. What are the prime factors of h?
2, 5, 37
Let r = 37 + 214. List the prime factors of r.
251
What are the prime factors of (2 + 2/(-4))*52734/33?
3, 17, 47
Let m(d) be the second derivative of -5*d**3/2 + d**2 - 15*d. What are the prime factors of m(-2)?
2
Suppose -3*s + 5*y = s - 25, 0 = s + 5*y + 25. Suppose s = 9*l - l - 1000. What are the prime factors of l?
5
Let k(s) = 2*s + 8. Let o be (-104)/88 + 2/11. Let b(g) = g + 1. Let x(a) = o*k(a) - 2*b(a). List the prime factors of x(-10).
2, 3, 5
Suppose 0 = -38*h + 33*h + 15. Suppose 0 = -h*n + 46 + 248. What are the prime factors of n?
2, 7
Let v(c) = 61*c + 6*c**2 - 21*c + 6 - 4*c**2 - 27*c. What are the prime factors of v(-12)?
2, 3, 23
Let t(f) = -11*f**3 + 2*f**2 + 3*f + 3. Let c(o) = o**2 - 11*o + 8. Let x be c(10). What are the prime factors of t(x)?
3, 31
Let o = 13 - 13. Suppose -2*g = -5*g + 6. Suppose o = g*p + p - 30. List the prime factors of p.
2, 5
Let j(r) = 7*r - 24. Let l be j(4). Suppose o = -o + 22. What are the prime factors of (6 - l)*o/2?
11
Let p = 11 - 10. Suppose -3*l = -5 - p. Suppose 5*r + m - 14 = 28, -6 = -l*r - 4*m. List the prime factors of r.
3
Suppose -5*a = 4*d - 23, -5 = -4*d - a + 6. Let f be (5 - (-1 + 3))/1 + 1. Suppose -f*y + d*b + 102 = 4*b, y + 3*b - 33 = 0. What are the prime factors of y?
2, 3
Suppose 5*q = -5*h - 65, 3*q + q + 3*h = -52. List the prime factors of 4*q/((-52)/24).
2, 3
Let j(k) = 5*k + 3. Suppose 49 - 17 = 2*q. Let m = -12 + q. List the prime factors of j(m).
23
Suppose 8*g = -g - 27. Let x(h) = -h**2 + h. Let c(j) = -5*j**2 + j - 3. Let o(y) = -c(y) + 4*x(y). List the prime factors of o(g).
3
Suppose -c + 22 = 3*c + 2*u, 0 = -3*c - 5*u + 34. Suppose 9 = c*h + 4*n + n, 0 = -3*h + 4*n + 36. What are the prime factors of 48 - (-2)/h*0?
2, 3
Suppose -5981 = -3*x - 2*z, -3*x + 5475 + 478 = -5*z. List the prime factors of x.
11, 181
Let j(w) = 22*w**3 + w**2 + 4*w + 3. Let r be j(-1). What are the prime factors of (-40)/16*r*1?
5, 11
Suppose 3*t - 5*f - 1290 = -t, 5*f - 1310 = -4*t. List the prime factors of t.
5, 13
List the prime factors of (5286/(-4))/((-42)/28).
881
Let j be (33/2)/(8/80). List the prime factors of 4/22 - (-630)/j.
2
Let t(q) = -q**2 - 79*q - 421. What are the prime factors of t(-6)?
17
Suppose 2*k + 0*k - 162 = 0. Suppose -q + 0*l + k = l, l = 1. What are the prime factors of q?
2, 5
Suppose 5*a = -0*t - t - 1, 0 = -2*a - 4*t - 4. Let w = -3 - -5. Suppose -2*n + y + 0*y + 72 = a, -n - w*y = -36. What are the prime factors of n?
2, 3
Let l(k) = 168*k**2 + 9*k + 29. List the prime factors of l(-3).
2, 757
Suppose 1 = 2*j - 3*k, -1 = k - 0. Let u(c) = -2*c + 6. Let l be u(5). List the prime factors of j/4*l - -18.
19
Let m(l) = -l**3 + 8*l**2 + 7*l - 4. Let i be m(8). Suppose -d - 55 + 255 = -4*f, -4*f = 3*d - 568. Suppose i = -5*s + d. What are the prime factors of s?
2, 7
Suppose 0 = -l + 8*l - 231. Let j be (-204)/l - 2/(-11). List the prime factors of 9*3/(j/(-4)).
2, 3
Let p be (-27)/(-18)*16/6. Suppose 3*l - 188 = -5*h + l, 0 = p*h + l - 151. List the prime factors of h.
2, 19
Let v(w) = -w**2 + 7*w - 6. Let a be v(6). Suppose 5*i + a*i - 325 = 0. List the prime factors of i.
5, 13
Suppose 2*h = 5*p + 2117, 3*p + 5176 = 5*h - 145. What are the prime factors of h?
2, 13, 41
Let k(r) = r**3 - 7*r**2 - 9*r + 1. Let m be k(8). Let u = m + 79. Let d = u + -50. What are the prime factors of d?
2, 11
Let j = 6 - 5. List the prime factors of 1/j + 23 + -4.
2, 5
Let z = -448 - -635. List the prime factors of z.
11, 17
Let m = -1608 + 3369. What are the prime factors of m?
3, 587
Let i be (-1268)/(-20) - (-8)/(-20). Let v = -27 + i. What are the prime factors of v?
2, 3
Let a(h) = -9*h + 3. Let r(k) = 5*k - 1. Let v(b) = -4*a(b) - 10*r(b). What are the prime factors of v(-4)?
2, 3
Suppose -2*a - 3*m - 9 = 0, 4*m + 12 = 4*a - a. Suppose -5*f + 5*l + 565 = a, 3*f - 2*l + l - 335 = 0. What are the prime factors of f?
3, 37
Let x(k) = -13*k**3 - k**2 - 16*k - 7. Let o(s) = 7*s**3 + 8*s + 3. Let d(n) = 11*o(n) + 6*x(n). List the prime factors of d(-7).
2, 3
Let f(m) = 6*m. Let t(q) = q**2 + q + 10. Let b be t(0). Let k = -6 + b. List the prime factors of f(k).
2, 3
Suppose -568 - 486 = -2*h - 2*u, -5*u = -3*h + 1613. What are the prime factors of h?
3, 59
Let j be 11 + -13 + 1*9. Let s(b) = 4*b**2 - 17*b + 1. Let m be s(j). Let p = m - 28. What are the prime factors of p?
2, 5
Suppose -24 = -5*c - 2*z, -3*c + 28 = 2*c + 4*z. Suppose -c*p - 13 - 39 = 0. Let o = 92 + p. List the prime factors of o.
79
Suppose -1260 = 158*h - 172*h. List the prime factors of h.
2, 3, 5
Let r(p) = 5 - 1 - 14*p - 1. What are the prime factors of r(-3)?
3, 5
Suppose y - 54 = -3*t, 2*t + 2*y = 12 + 24. Suppose 0 = -6*m - 0*m + t. Suppose -5*g = -5*c - 15, 0*g - g + m*c = -1. List the prime factors of g.
2
Let p(n) = -386*n**3 + 3*n**2 + 13*n + 22. List the prime factors of p(-2).
2, 3, 43
Let v be (11 - 4) + (0 - 1). Let b(y) = 4*y + 4. Let u be b(v). Let m = -14 + u. List the prime factors of m.
2, 7
Let i be (-6)/(-45) + (-1628)/60. Let z = i - -112. List the prime factors of z.
5, 17
Suppose 153 = 3*z + t, -z + 4*z - 5*t = 135. Let y = 4 + z. What are the prime factors of y?
2, 3
Suppose 20*b = 27*b - 2289. What are the prime factors of b?
3, 109
Let p = 1657 + 552. List the prime factors of p.
47
Suppose 3 = -v + 55. Suppose 4*q - 2*j - 68 = v, 2*j - 25 = -q. What are the prime factors of q?
29
Let p(n) = 6 + 3 + 8*n - 13. Let o be p(-3). Let c = o - -44. List the prime factors of c.
2
Suppose q = j + 11, 3*q - 27 = q + 3*j. Suppose 2*m - q = 56. List the prime factors of m.
31
Let z(t) = 5*t**2. Let p(g) = g**3 + 4*g**2. Let a(c) = -4*p(c) + 3*z(c). Let u be a(1). List the prime factors of (u + -27)*(0 - 2).
2
Suppose 0 = 18*r - 1205 - 43993. What are the prime factors of r?
3, 31
Suppose 2*s + 3*k = 55